{"id":81,"date":"2017-12-09T16:52:19","date_gmt":"2017-12-09T16:52:19","guid":{"rendered":"https:\/\/zahnaerztin-haar.de\/?page_id=81"},"modified":"2021-07-16T02:30:30","modified_gmt":"2021-07-16T02:30:30","slug":"kollegen","status":"publish","type":"page","link":"https:\/\/zahnaerztin-haar.de\/?page_id=81","title":{"rendered":"F\u00fcr Patienten"},"content":{"rendered":"<p>[et_pb_section fb_built=&#8220;1&#8243; background_color=&#8220;#84d4ee&#8220; admin_label=&#8220;section&#8220; disabled_on=&#8220;on|off|off&#8220;][et_pb_row admin_label=&#8220;row&#8220;][et_pb_column type=&#8220;4_4&#8243; parallax=&#8220;off&#8220; parallax_method=&#8220;on&#8220;][et_pb_text background_layout=&#8220;dark&#8220; admin_label=&#8220;Text: F\u00fcr Patienten \u00dcberschrift&#8220;]<\/p>\n<h1 style=\"text-align: center;\">F\u00dcR PATIENTEN<\/h1>\n<p>[\/et_pb_text][\/et_pb_column][\/et_pb_row][\/et_pb_section][et_pb_section fb_built=&#8220;1&#8243; background_color=&#8220;#84d4ee&#8220; admin_label=&#8220;section&#8220; disabled_on=&#8220;off|on|on&#8220; custom_padding=&#8220;54px|0px|6px|0px&#8220;][et_pb_row admin_label=&#8220;row&#8220;][et_pb_column type=&#8220;4_4&#8243; parallax=&#8220;off&#8220; parallax_method=&#8220;on&#8220;][et_pb_text background_layout=&#8220;dark&#8220; admin_label=&#8220;Text: F\u00fcr Patienten \u00dcberschrift&#8220;]<\/p>\n<h1 style=\"text-align: center;\">F\u00dcR PATIENTEN<\/h1>\n<p>[\/et_pb_text][\/et_pb_column][\/et_pb_row][\/et_pb_section][et_pb_section fb_built=&#8220;1&#8243; admin_label=&#8220;Sektion&#8220;][et_pb_row admin_label=&#8220;Zeile&#8220;][et_pb_column type=&#8220;1_2&#8243; parallax=&#8220;off&#8220; parallax_method=&#8220;on&#8220;][et_pb_text admin_label=&#8220;Text: Anamnesebogen&#8220;]<\/p>\n<p><a href=\"https:\/\/zahnaerztin-haar.de\/anamnesebogen\/\"><img loading=\"lazy\" decoding=\"async\" class=\"alignnone size-full wp-image-158 aligncenter\" src=\"https:\/\/zahnaerztin-haar.de\/wp-content\/uploads\/2017\/12\/billionphotos-1001028-128x128.png\" alt=\"\" width=\"128\" height=\"128\" \/><\/a><\/p>\n<h1 style=\"text-align: center;\">&nbsp;<br \/>ANAMNESEBOGEN<br \/>&nbsp;<br \/>&nbsp;<\/h1>\n<p>[\/et_pb_text][\/et_pb_column][et_pb_column type=&#8220;1_2&#8243; parallax=&#8220;off&#8220; parallax_method=&#8220;on&#8220;][et_pb_text admin_label=&#8220;Text: Notdienst&#8220;]<\/p>\n<p style=\"text-align: center;\" class=\"et-fb-mce-line-break-holder\"><a href=\"https:\/\/zahnaerztin-haar.de\/notdienst\/\"><img loading=\"lazy\" decoding=\"async\" class=\"alignnone size-full wp-image-163\" src=\"https:\/\/zahnaerztin-haar.de\/wp-content\/uploads\/2017\/12\/billionphotos-1180580-128x128.png\" alt=\"\" width=\"128\" height=\"128\" \/><\/a><\/p>\n<h1 style=\"text-align: center;\">&nbsp;<br \/>NOTDIENST<\/h1>\n<p>[\/et_pb_text][\/et_pb_column][\/et_pb_row][\/et_pb_section]<\/p>\n","protected":false},"excerpt":{"rendered":"<p>[et_pb_section fb_built=&#8220;1&#8243; background_color=&#8220;#84d4ee&#8220; admin_label=&#8220;section&#8220; disabled_on=&#8220;on|off|off&#8220;][et_pb_row admin_label=&#8220;row&#8220;][et_pb_column type=&#8220;4_4&#8243; parallax=&#8220;off&#8220; parallax_method=&#8220;on&#8220;][et_pb_text background_layout=&#8220;dark&#8220; admin_label=&#8220;Text: F\u00fcr Patienten \u00dcberschrift&#8220;] F\u00dcR PATIENTEN [\/et_pb_text][\/et_pb_column][\/et_pb_row][\/et_pb_section][et_pb_section fb_built=&#8220;1&#8243; background_color=&#8220;#84d4ee&#8220; admin_label=&#8220;section&#8220; disabled_on=&#8220;off|on|on&#8220; custom_padding=&#8220;54px|0px|6px|0px&#8220;][et_pb_row admin_label=&#8220;row&#8220;][et_pb_column type=&#8220;4_4&#8243; parallax=&#8220;off&#8220; parallax_method=&#8220;on&#8220;][et_pb_text background_layout=&#8220;dark&#8220; admin_label=&#8220;Text: F\u00fcr Patienten \u00dcberschrift&#8220;] F\u00dcR PATIENTEN [\/et_pb_text][\/et_pb_column][\/et_pb_row][\/et_pb_section][et_pb_section fb_built=&#8220;1&#8243; admin_label=&#8220;Sektion&#8220;][et_pb_row admin_label=&#8220;Zeile&#8220;][et_pb_column type=&#8220;1_2&#8243; parallax=&#8220;off&#8220; parallax_method=&#8220;on&#8220;][et_pb_text admin_label=&#8220;Text: Anamnesebogen&#8220;] &nbsp;ANAMNESEBOGEN&nbsp;&nbsp; [\/et_pb_text][\/et_pb_column][et_pb_column type=&#8220;1_2&#8243; parallax=&#8220;off&#8220; parallax_method=&#8220;on&#8220;][et_pb_text admin_label=&#8220;Text: Notdienst&#8220;] &nbsp;NOTDIENST [\/et_pb_text][\/et_pb_column][\/et_pb_row][\/et_pb_section]<\/p>\n","protected":false},"author":1,"featured_media":0,"parent":0,"menu_order":0,"comment_status":"closed","ping_status":"closed","template":"","meta":{"footnotes":""},"class_list":["post-81","page","type-page","status-publish","hentry"],"_links":{"self":[{"href":"https:\/\/zahnaerztin-haar.de\/index.php?rest_route=\/wp\/v2\/pages\/81","targetHints":{"allow":["GET"]}}],"collection":[{"href":"https:\/\/zahnaerztin-haar.de\/index.php?rest_route=\/wp\/v2\/pages"}],"about":[{"href":"https:\/\/zahnaerztin-haar.de\/index.php?rest_route=\/wp\/v2\/types\/page"}],"author":[{"embeddable":true,"href":"https:\/\/zahnaerztin-haar.de\/index.php?rest_route=\/wp\/v2\/users\/1"}],"replies":[{"embeddable":true,"href":"https:\/\/zahnaerztin-haar.de\/index.php?rest_route=%2Fwp%2Fv2%2Fcomments&post=81"}],"version-history":[{"count":15,"href":"https:\/\/zahnaerztin-haar.de\/index.php?rest_route=\/wp\/v2\/pages\/81\/revisions"}],"predecessor-version":[{"id":2214,"href":"https:\/\/zahnaerztin-haar.de\/index.php?rest_route=\/wp\/v2\/pages\/81\/revisions\/2214"}],"wp:attachment":[{"href":"https:\/\/zahnaerztin-haar.de\/index.php?rest_route=%2Fwp%2Fv2%2Fmedia&parent=81"}],"curies":[{"name":"wp","href":"https:\/\/api.w.org\/{rel}","templated":true}]}}

Für Patienten

<p>[et_pb_section fb_built=&#8220;1&#8243; background_color=&#8220;#84d4ee&#8220; admin_label=&#8220;section&#8220; disabled_on=&#8220;on|off|off&#8220;][et_pb_row admin_label=&#8220;row&#8220;][et_pb_column type=&#8220;4_4&#8243; parallax=&#8220;off&#8220; parallax_method=&#8220;on&#8220;][et_pb_text background_layout=&#8220;dark&#8220; admin_label=&#8220;Text: Für Patienten Überschrift&#8220;]</p>
<h1 style="text-align: center;">FÜR PATIENTEN</h1>
<p>[/et_pb_text][/et_pb_column][/et_pb_row][/et_pb_section][et_pb_section fb_built=&#8220;1&#8243; background_color=&#8220;#84d4ee&#8220; admin_label=&#8220;section&#8220; disabled_on=&#8220;off|on|on&#8220; custom_padding=&#8220;54px|0px|6px|0px&#8220;][et_pb_row admin_label=&#8220;row&#8220;][et_pb_column type=&#8220;4_4&#8243; parallax=&#8220;off&#8220; parallax_method=&#8220;on&#8220;][et_pb_text background_layout=&#8220;dark&#8220; admin_label=&#8220;Text: Für Patienten Überschrift&#8220;]</p>
<h1 style="text-align: center;">FÜR PATIENTEN</h1>
<p>[/et_pb_text][/et_pb_column][/et_pb_row][/et_pb_section][et_pb_section fb_built=&#8220;1&#8243; admin_label=&#8220;Sektion&#8220;][et_pb_row admin_label=&#8220;Zeile&#8220;][et_pb_column type=&#8220;1_2&#8243; parallax=&#8220;off&#8220; parallax_method=&#8220;on&#8220;][et_pb_text admin_label=&#8220;Text: Anamnesebogen&#8220;]</p>
<p><a href="https://zahnaerztin-haar.de/anamnesebogen/"><img loading="lazy" decoding="async" class="alignnone size-full wp-image-158 aligncenter" src="https://zahnaerztin-haar.de/wp-content/uploads/2017/12/billionphotos-1001028-128x128.png" alt="" width="128" height="128" /></a></p>
<h1 style="text-align: center;">&nbsp;<br />ANAMNESEBOGEN<br />&nbsp;<br />&nbsp;</h1>
<p>[/et_pb_text][/et_pb_column][et_pb_column type=&#8220;1_2&#8243; parallax=&#8220;off&#8220; parallax_method=&#8220;on&#8220;][et_pb_text admin_label=&#8220;Text: Notdienst&#8220;]</p>
<p style="text-align: center;" class="et-fb-mce-line-break-holder"><a href="https://zahnaerztin-haar.de/notdienst/"><img loading="lazy" decoding="async" class="alignnone size-full wp-image-163" src="https://zahnaerztin-haar.de/wp-content/uploads/2017/12/billionphotos-1180580-128x128.png" alt="" width="128" height="128" /></a></p>
<h1 style="text-align: center;">&nbsp;<br />NOTDIENST</h1>
<p>[/et_pb_text][/et_pb_column][/et_pb_row][/et_pb_section]</p>

<p>[et_pb_section fb_built=&#8220;1&#8243; background_color=&#8220;#84d4ee&#8220; admin_label=&#8220;section&#8220; disabled_on=&#8220;on|off|off&#8220;][et_pb_row admin_label=&#8220;row&#8220;][et_pb_column type=&#8220;4_4&#8243; parallax=&#8220;off&#8220; parallax_method=&#8220;on&#8220;][et_pb_text background_layout=&#8220;dark&#8220; admin_label=&#8220;Text: Für Patienten Überschrift&#8220;] FÜR PATIENTEN [/et_pb_text][/et_pb_column][/et_pb_row][/et_pb_section][et_pb_section fb_built=&#8220;1&#8243; background_color=&#8220;#84d4ee&#8220; admin_label=&#8220;section&#8220; disabled_on=&#8220;off|on|on&#8220; custom_padding=&#8220;54px|0px|6px|0px&#8220;][et_pb_row admin_label=&#8220;row&#8220;][et_pb_column type=&#8220;4_4&#8243; parallax=&#8220;off&#8220; parallax_method=&#8220;on&#8220;][et_pb_text background_layout=&#8220;dark&#8220; admin_label=&#8220;Text: Für Patienten Überschrift&#8220;] FÜR PATIENTEN [/et_pb_text][/et_pb_column][/et_pb_row][/et_pb_section][et_pb_section fb_built=&#8220;1&#8243; admin_label=&#8220;Sektion&#8220;][et_pb_row admin_label=&#8220;Zeile&#8220;][et_pb_column type=&#8220;1_2&#8243; parallax=&#8220;off&#8220; parallax_method=&#8220;on&#8220;][et_pb_text admin_label=&#8220;Text: Anamnesebogen&#8220;] &nbsp;ANAMNESEBOGEN&nbsp;&nbsp; [/et_pb_text][/et_pb_column][et_pb_column type=&#8220;1_2&#8243; parallax=&#8220;off&#8220; parallax_method=&#8220;on&#8220;][et_pb_text admin_label=&#8220;Text: Notdienst&#8220;] &nbsp;NOTDIENST [/et_pb_text][/et_pb_column][/et_pb_row][/et_pb_section]</p>
