{"id":74,"date":"2017-12-09T16:50:51","date_gmt":"2017-12-09T16:50:51","guid":{"rendered":"https:\/\/zahnaerztin-haar.de\/?page_id=74"},"modified":"2021-07-16T03:47:26","modified_gmt":"2021-07-16T03:47:26","slug":"notdienst","status":"publish","type":"page","link":"https:\/\/zahnaerztin-haar.de\/?page_id=74","title":{"rendered":"Notdienst"},"content":{"rendered":"<p>[et_pb_section fb_built=&#8220;1&#8243; background_color=&#8220;#84d4ee&#8220; admin_label=&#8220;section&#8220; disabled_on=&#8220;on|off|off&#8220;][et_pb_row admin_label=&#8220;row&#8220;][et_pb_column type=&#8220;4_4&#8243; parallax=&#8220;off&#8220; parallax_method=&#8220;on&#8220;][et_pb_text background_layout=&#8220;dark&#8220; admin_label=&#8220;Text&#8220;]<\/p>\n<h1 style=\"text-align: center;\">NOTDIENST<\/h1>\n<p>[\/et_pb_text][\/et_pb_column][\/et_pb_row][\/et_pb_section][et_pb_section fb_built=&#8220;1&#8243; background_color=&#8220;#84d4ee&#8220; admin_label=&#8220;section&#8220; custom_padding=&#8220;54px|0px|14px|0px&#8220; disabled_on=&#8220;off|on|on&#8220;][et_pb_row admin_label=&#8220;row&#8220;][et_pb_column type=&#8220;4_4&#8243; parallax=&#8220;off&#8220; parallax_method=&#8220;on&#8220;][et_pb_text background_layout=&#8220;dark&#8220; admin_label=&#8220;Text&#8220;]<\/p>\n<h1 style=\"text-align: center;\"><span style=\"font-size: x-large;\">NOTDIENST<\/span><\/h1>\n<p>[\/et_pb_text][\/et_pb_column][\/et_pb_row][\/et_pb_section][et_pb_section fb_built=&#8220;1&#8243; admin_label=&#8220;Sektion&#8220;][et_pb_row admin_label=&#8220;Zeile&#8220;][et_pb_column type=&#8220;1_3&#8243; parallax=&#8220;off&#8220; parallax_method=&#8220;on&#8220;][et_pb_text admin_label=&#8220;Text&#8220; text_font_size=&#8220;19&#8243; text_letter_spacing=&#8220;3px&#8220;]<\/p>\n<h1 style=\"text-align: center;\">Dicke Backe?<\/h1>\n<p>&nbsp;<\/p>\n<p>Sollten wir einmal nicht f\u00fcr Sie da sein k\u00f6nnen, wenden Sie sich bitte an den Zahn\u00e4rztlichen Notdienst: <a href=\"http:\/\/www.notdienst-zahn.de\/\" rel=\"nofollow\">www.notdienst-zahn.de<\/a><\/p>\n<p>[\/et_pb_text][\/et_pb_column][et_pb_column type=&#8220;2_3&#8243; parallax=&#8220;off&#8220; parallax_method=&#8220;on&#8220;][et_pb_image src=&#8220;https:\/\/zahnaerztin-haar.de\/wp-content\/uploads\/2018\/01\/AdobeStock_84619336.jpeg&#8220; admin_label=&#8220;Bild&#8220;][\/et_pb_image][\/et_pb_column][\/et_pb_row][\/et_pb_section]<\/p>\n","protected":false},"excerpt":{"rendered":"<p>[et_pb_section fb_built=&#8220;1&#8243; background_color=&#8220;#84d4ee&#8220; admin_label=&#8220;section&#8220; disabled_on=&#8220;on|off|off&#8220;][et_pb_row admin_label=&#8220;row&#8220;][et_pb_column type=&#8220;4_4&#8243; parallax=&#8220;off&#8220; parallax_method=&#8220;on&#8220;][et_pb_text background_layout=&#8220;dark&#8220; admin_label=&#8220;Text&#8220;] NOTDIENST [\/et_pb_text][\/et_pb_column][\/et_pb_row][\/et_pb_section][et_pb_section fb_built=&#8220;1&#8243; background_color=&#8220;#84d4ee&#8220; admin_label=&#8220;section&#8220; custom_padding=&#8220;54px|0px|14px|0px&#8220; disabled_on=&#8220;off|on|on&#8220;][et_pb_row admin_label=&#8220;row&#8220;][et_pb_column type=&#8220;4_4&#8243; parallax=&#8220;off&#8220; parallax_method=&#8220;on&#8220;][et_pb_text background_layout=&#8220;dark&#8220; admin_label=&#8220;Text&#8220;] NOTDIENST [\/et_pb_text][\/et_pb_column][\/et_pb_row][\/et_pb_section][et_pb_section fb_built=&#8220;1&#8243; admin_label=&#8220;Sektion&#8220;][et_pb_row admin_label=&#8220;Zeile&#8220;][et_pb_column type=&#8220;1_3&#8243; parallax=&#8220;off&#8220; parallax_method=&#8220;on&#8220;][et_pb_text admin_label=&#8220;Text&#8220; text_font_size=&#8220;19&#8243; text_letter_spacing=&#8220;3px&#8220;] Dicke Backe? &nbsp; Sollten wir einmal nicht f\u00fcr Sie da sein k\u00f6nnen, wenden Sie sich bitte an den Zahn\u00e4rztlichen Notdienst: [&hellip;]<\/p>\n","protected":false},"author":1,"featured_media":0,"parent":0,"menu_order":0,"comment_status":"closed","ping_status":"closed","template":"","meta":{"footnotes":""},"class_list":["post-74","page","type-page","status-publish","hentry"],"_links":{"self":[{"href":"https:\/\/zahnaerztin-haar.de\/index.php?rest_route=\/wp\/v2\/pages\/74","targetHints":{"allow":["GET"]}}],"collection":[{"href":"https:\/\/zahnaerztin-haar.de\/index.php?rest_route=\/wp\/v2\/pages"}],"about":[{"href":"https:\/\/zahnaerztin-haar.de\/index.php?rest_route=\/wp\/v2\/types\/page"}],"author":[{"embeddable":true,"href":"https:\/\/zahnaerztin-haar.de\/index.php?rest_route=\/wp\/v2\/users\/1"}],"replies":[{"embeddable":true,"href":"https:\/\/zahnaerztin-haar.de\/index.php?rest_route=%2Fwp%2Fv2%2Fcomments&post=74"}],"version-history":[{"count":15,"href":"https:\/\/zahnaerztin-haar.de\/index.php?rest_route=\/wp\/v2\/pages\/74\/revisions"}],"predecessor-version":[{"id":2290,"href":"https:\/\/zahnaerztin-haar.de\/index.php?rest_route=\/wp\/v2\/pages\/74\/revisions\/2290"}],"wp:attachment":[{"href":"https:\/\/zahnaerztin-haar.de\/index.php?rest_route=%2Fwp%2Fv2%2Fmedia&parent=74"}],"curies":[{"name":"wp","href":"https:\/\/api.w.org\/{rel}","templated":true}]}}