{"id":1846,"date":"2020-11-09T05:50:20","date_gmt":"2020-11-09T05:50:20","guid":{"rendered":"https:\/\/zahnaerztin-haar.de\/?page_id=1846"},"modified":"2024-11-21T14:44:29","modified_gmt":"2024-11-21T14:44:29","slug":"lebenslauf-zahnaerztin-menne","status":"publish","type":"page","link":"https:\/\/zahnaerztin-haar.de\/?page_id=1846","title":{"rendered":"Lebenslauf Zahn\u00e4rztin Menne"},"content":{"rendered":"\t\t<div data-elementor-type=\"wp-page\" data-elementor-id=\"1846\" class=\"elementor elementor-1846\">\n\t\t\t\t\t\t\t\t\t<section class=\"elementor-section elementor-top-section elementor-element elementor-element-13f645f8 elementor-section-boxed elementor-section-height-default elementor-section-height-default\" data-id=\"13f645f8\" data-element_type=\"section\">\n\t\t\t\t\t\t<div class=\"elementor-container elementor-column-gap-default\">\n\t\t\t\t\t<div class=\"elementor-column elementor-col-100 elementor-top-column elementor-element elementor-element-8f87b28\" data-id=\"8f87b28\" data-element_type=\"column\">\n\t\t\t<div class=\"elementor-widget-wrap elementor-element-populated\">\n\t\t\t\t\t\t\t\t<div class=\"elementor-element elementor-element-0fc3887 elementor-absolute elementor-widget elementor-widget-image\" data-id=\"0fc3887\" data-element_type=\"widget\" data-settings=\"{&quot;_position&quot;:&quot;absolute&quot;}\" data-widget_type=\"image.default\">\n\t\t\t\t<div class=\"elementor-widget-container\">\n\t\t\t<style>\/*! elementor - v3.6.7 - 03-07-2022 *\/\n.elementor-widget-image{text-align:center}.elementor-widget-image a{display:inline-block}.elementor-widget-image a img[src$=\".svg\"]{width:48px}.elementor-widget-image img{vertical-align:middle;display:inline-block}<\/style>\t\t\t\t\t\t\t\t\t\t\t\t<img loading=\"lazy\" decoding=\"async\" width=\"300\" height=\"200\" src=\"https:\/\/zahnaerztin-haar.de\/wp-content\/uploads\/2019\/06\/20190125_104316-023A0517-Bearbeitet-2-Bearbeitet-Bearbeitet-300x200.jpg\" class=\"attachment-medium size-medium\" alt=\"\" srcset=\"https:\/\/zahnaerztin-haar.de\/wp-content\/uploads\/2019\/06\/20190125_104316-023A0517-Bearbeitet-2-Bearbeitet-Bearbeitet-300x200.jpg 300w, https:\/\/zahnaerztin-haar.de\/wp-content\/uploads\/2019\/06\/20190125_104316-023A0517-Bearbeitet-2-Bearbeitet-Bearbeitet-768x512.jpg 768w, https:\/\/zahnaerztin-haar.de\/wp-content\/uploads\/2019\/06\/20190125_104316-023A0517-Bearbeitet-2-Bearbeitet-Bearbeitet-1024x683.jpg 1024w, https:\/\/zahnaerztin-haar.de\/wp-content\/uploads\/2019\/06\/20190125_104316-023A0517-Bearbeitet-2-Bearbeitet-Bearbeitet-1080x720.jpg 1080w, https:\/\/zahnaerztin-haar.de\/wp-content\/uploads\/2019\/06\/20190125_104316-023A0517-Bearbeitet-2-Bearbeitet-Bearbeitet.jpg 2048w\" sizes=\"auto, (max-width: 300px) 100vw, 300px\" \/>\t\t\t\t\t\t\t\t\t\t\t\t\t\t\t<\/div>\n\t\t\t\t<\/div>\n\t\t\t\t<div class=\"elementor-element elementor-element-1adad1cd elementor-widget elementor-widget-text-editor\" data-id=\"1adad1cd\" data-element_type=\"widget\" data-widget_type=\"text-editor.default\">\n\t\t\t\t<div class=\"elementor-widget-container\">\n\t\t\t<style>\/*! elementor - v3.6.7 - 03-07-2022 *\/\n.elementor-widget-text-editor.elementor-drop-cap-view-stacked .elementor-drop-cap{background-color:#818a91;color:#fff}.elementor-widget-text-editor.elementor-drop-cap-view-framed .elementor-drop-cap{color:#818a91;border:3px solid;background-color:transparent}.elementor-widget-text-editor:not(.elementor-drop-cap-view-default) .elementor-drop-cap{margin-top:8px}.elementor-widget-text-editor:not(.elementor-drop-cap-view-default) .elementor-drop-cap-letter{width:1em;height:1em}.elementor-widget-text-editor .elementor-drop-cap{float:left;text-align:center;line-height:1;font-size:50px}.elementor-widget-text-editor .elementor-drop-cap-letter{display:inline-block}<\/style>\t\t\t\t[et_pb_section fb_built=&#8220;1&#8243; background_color=&#8220;#84d4ee&#8220; admin_label=&#8220;section&#8220;][et_pb_row admin_label=&#8220;row&#8220;][et_pb_column type=&#8220;4_4&#8243; parallax=&#8220;off&#8220; parallax_method=&#8220;on&#8220;][et_pb_text background_layout=&#8220;dark&#8220; admin_label=&#8220;Text&#8220;]\r\n<h1 style=\"text-align: center;\">Dr. Ulrike Menne-Happ<\/h1>\r\n[\/et_pb_text][\/et_pb_column][\/et_pb_row][\/et_pb_section][et_pb_section fb_built=&#8220;1&#8243; admin_label=&#8220;Sektion&#8220;][et_pb_row parallax_method_1=&#8220;off&#8220; parallax_method_2=&#8220;off&#8220; disabled_on=&#8220;off|off|off&#8220; admin_label=&#8220;Zeile&#8220;][et_pb_column type=&#8220;1_3&#8243; parallax=&#8220;off&#8220; parallax_method=&#8220;off&#8220;][et_pb_image src=&#8220;https:\/\/zahnaerztin-haar.de\/wp-content\/uploads\/2019\/06\/20190125_104316-023A0517-Bearbeitet-2-Bearbeitet-Bearbeitet.jpg&#8220;][\/et_pb_image][\/et_pb_column][et_pb_column type=&#8220;2_3&#8243; parallax=&#8220;off&#8220; parallax_method=&#8220;off&#8220;][et_pb_text admin_label=&#8220;Text&#8220;]<h2 style=\"text-align: left;\">Dr. Ulrike Menne-Happ<\/h2>\n<h2 style=\"text-align: left;\"><\/h2>\n<p style=\"text-align: left;\">\u00a0<\/p>\n<h2 style=\"text-align: left;\">Beruflicher Werdegang<\/h2>\n<p>\u00a0<\/p>\n<p><span style=\"color: #000000;\"><strong>Seit 01\/2019<\/strong> Angestellte Zahn\u00e4rztin in der Zahnarztpraxis Eva-Marie M\u00fcller<\/span><\/p>\n<p><span style=\"color: #000000;\"><strong>2012-2018<\/strong> Assistenzzahn\u00e4rztin und angestellte Zahn\u00e4rztin in der Zahnarztpraxis Dr. Stephan Lindner mit den Schwerpunkten Ganzheitliche Zahnheilkunde und \u00c4sthetische Zahnheilkunde in Grafing bei M\u00fcnchen<\/span><\/p>\n<p><span style=\"color: #000000;\"><strong>2014<\/strong> Curriculum Endodontie mit Erlangen des T\u00e4tigkeitsschwerpunktes Endodontie, TEC2 + University of Pennsylvania<\/span><\/p>\n<p><span style=\"color: #000000;\"><strong>2013<\/strong> Promotion; Dissertation mit dem Thema \u201eEinfluss von W\u00e4rme auf die mechanischen Eigenschaften von Zementen\u201c<\/span><\/p>\n<p><span style=\"color: #000000;\"><strong>Seit 2012<\/strong> Cerec Anwenderin<\/span><\/p>\n<p><span style=\"color: #000000;\"><strong>2011<\/strong> Approbation als Zahn\u00e4rztin<\/span><\/p>\n<p><span style=\"color: #000000;\"><strong>2005-2011<\/strong> Studium der Zahnmedizin an der LMU M\u00fcnchen<\/span><\/p>\n<p><span style=\"color: #000000;\"><strong>2005<\/strong> Abitur Gymnasium Neubiberg<\/span><\/p>[\/et_pb_text][\/et_pb_column][\/et_pb_row][\/et_pb_section]\t\t\t\t\t\t<\/div>\n\t\t\t\t<\/div>\n\t\t\t\t\t<\/div>\n\t\t<\/div>\n\t\t\t\t\t\t\t<\/div>\n\t\t<\/section>\n\t\t\t\t\t\t\t<\/div>\n\t\t","protected":false},"excerpt":{"rendered":"<p>[et_pb_section fb_built=&#8220;1&#8243; background_color=&#8220;#84d4ee&#8220; admin_label=&#8220;section&#8220;][et_pb_row admin_label=&#8220;row&#8220;][et_pb_column type=&#8220;4_4&#8243; parallax=&#8220;off&#8220; parallax_method=&#8220;on&#8220;][et_pb_text background_layout=&#8220;dark&#8220; admin_label=&#8220;Text&#8220;] Dr. Ulrike Menne-Happ [\/et_pb_text][\/et_pb_column][\/et_pb_row][\/et_pb_section][et_pb_section fb_built=&#8220;1&#8243; admin_label=&#8220;Sektion&#8220;][et_pb_row parallax_method_1=&#8220;off&#8220; parallax_method_2=&#8220;off&#8220; disabled_on=&#8220;off|off|off&#8220; admin_label=&#8220;Zeile&#8220;][et_pb_column type=&#8220;1_3&#8243; parallax=&#8220;off&#8220; parallax_method=&#8220;off&#8220;][et_pb_image src=&#8220;https:\/\/zahnaerztin-haar.de\/wp-content\/uploads\/2019\/06\/20190125_104316-023A0517-Bearbeitet-2-Bearbeitet-Bearbeitet.jpg&#8220;][\/et_pb_image][\/et_pb_column][et_pb_column type=&#8220;2_3&#8243; parallax=&#8220;off&#8220; parallax_method=&#8220;off&#8220;][et_pb_text admin_label=&#8220;Text&#8220;] Dr. Ulrike Menne-Happ Beruflicher Werdegang Seit 01\/2019 Angestellte Zahn\u00e4rztin in der Zahnarztpraxis Eva-Marie M\u00fcller 2012-2018 Assistenzzahn\u00e4rztin und angestellte Zahn\u00e4rztin in der Zahnarztpraxis Dr. Stephan Lindner mit den [&hellip;]<\/p>\n","protected":false},"author":1,"featured_media":0,"parent":0,"menu_order":0,"comment_status":"closed","ping_status":"closed","template":"","meta":{"footnotes":""},"class_list":["post-1846","page","type-page","status-publish","hentry"],"_links":{"self":[{"href":"https:\/\/zahnaerztin-haar.de\/index.php?rest_route=\/wp\/v2\/pages\/1846","targetHints":{"allow":["GET"]}}],"collection":[{"href":"https:\/\/zahnaerztin-haar.de\/index.php?rest_route=\/wp\/v2\/pages"}],"about":[{"href":"https:\/\/zahnaerztin-haar.de\/index.php?rest_route=\/wp\/v2\/types\/page"}],"author":[{"embeddable":true,"href":"https:\/\/zahnaerztin-haar.de\/index.php?rest_route=\/wp\/v2\/users\/1"}],"replies":[{"embeddable":true,"href":"https:\/\/zahnaerztin-haar.de\/index.php?rest_route=%2Fwp%2Fv2%2Fcomments&post=1846"}],"version-history":[{"count":92,"href":"https:\/\/zahnaerztin-haar.de\/index.php?rest_route=\/wp\/v2\/pages\/1846\/revisions"}],"predecessor-version":[{"id":3117,"href":"https:\/\/zahnaerztin-haar.de\/index.php?rest_route=\/wp\/v2\/pages\/1846\/revisions\/3117"}],"wp:attachment":[{"href":"https:\/\/zahnaerztin-haar.de\/index.php?rest_route=%2Fwp%2Fv2%2Fmedia&parent=1846"}],"curies":[{"name":"wp","href":"https:\/\/api.w.org\/{rel}","templated":true}]}}